{"id":252,"date":"2016-04-06T13:35:36","date_gmt":"2016-04-06T13:35:36","guid":{"rendered":"http:\/\/controm.ro\/site\/?page_id=252"},"modified":"2016-04-12T17:35:09","modified_gmt":"2016-04-12T17:35:09","slug":"instrumente-calibrare-presiune-temperatura","status":"publish","type":"page","link":"https:\/\/controm.ro\/site\/produse\/instrumente-calibrare-presiune-temperatura\/","title":{"rendered":"Instrumente de calibrare presiune si temperatura"},"content":{"rendered":"<p>Instrumentele electronice si echipamentele de calibrare au fiabilitate pe termen lung, tehnologie inovatoarea de calibrare si o lista vasta de servicii posibile cu ajutorul laboratorului propriu al producatorului, certificat DAkkS, pentru temperatura, presiune si semnale electrice standardizate.<\/p>\n<p>Calibratoarele cu bloc uscat \u0219i micro b\u0103ile de calibrare sunt folosite pentru a verifica \u0219i calibra o gama larga de instrumente de m\u0103surare a temperaturii \u0219i a senzorilor de temperatur\u0103. Echipamente mecanice, electro-mecanice sau echipamente de m\u0103surare electronice pot fi verificate cu u\u0219urin\u021b\u0103. Instrumentele SIKA compacte \u0219i robuste sunt u\u0219or de transportat, simplu de utilizat \u0219i ofer\u0103 toate caracteristicile necesare pentru testul specific.<\/p>\n<p>Un calibrator de temperatur\u0103 trebuie s\u0103 \u00eendeplineasc\u0103 o gam\u0103 larg\u0103 de cerin\u021be: ca un dispozitiv portabil, acesta trebuie sa faca fata frecvent la schimbarea locatiei de operare \u00een compartimentul de testare sau \u00een produc\u021bie, fiind \u00een acela\u0219i timp la fel de potrivite pentru utilizarea sta\u021bionar\u0103 \u00een atelierul de m\u0103surare \u0219i testare \u0219i inspec\u021bie de laborator . Din acest motiv, instrumentele trebuie s\u0103 fie u\u0219oare \u0219i la \u00eendem\u00e2n\u0103 pentru utilizare rapid\u0103 \u0219i u\u0219oar\u0103 la fa\u021ba locului. SIKA ofer\u0103 mai multe calibratoare de temperatur\u0103 pentru a acoperi intervalul de la -55 \u00b0 C p\u00e2n\u0103 la 1300 \u00b0 C.<\/p>\n<div class='catablog-catalog'><div class=\"catablog-row catablog-gallery\">\n\t<a href=\"https:\/\/controm.ro\/site\/wp-content\/uploads\/catablog\/originals\/Pressure pump 1000 bar.png\" class=\"catablog-image\"  >\n\t\t<img decoding=\"async\" src=\"https:\/\/controm.ro\/site\/wp-content\/uploads\/catablog\/thumbnails\/Pressure pump 1000 bar.png\" alt=\"\" \/>\n\t\t<strong class=\"catablog-title\">Pressure pump 1000 bar<\/strong>\t\n\t<\/a>\n\t<div class=\"catablog-description\"><\/div>\n<\/div><div class=\"catablog-row catablog-gallery\">\n\t<a href=\"https:\/\/controm.ro\/site\/wp-content\/uploads\/catablog\/originals\/Pressure pump P700.png\" class=\"catablog-image\"  >\n\t\t<img decoding=\"async\" src=\"https:\/\/controm.ro\/site\/wp-content\/uploads\/catablog\/thumbnails\/Pressure pump P700.png\" alt=\"\" \/>\n\t\t<strong class=\"catablog-title\">Pressure pump P700<\/strong>\t\n\t<\/a>\n\t<div class=\"catablog-description\"><\/div>\n<\/div><div class=\"catablog-row catablog-gallery\">\n\t<a href=\"https:\/\/controm.ro\/site\/wp-content\/uploads\/catablog\/originals\/Temperature bath TP 38650E.png\" class=\"catablog-image\"  >\n\t\t<img decoding=\"async\" src=\"https:\/\/controm.ro\/site\/wp-content\/uploads\/catablog\/thumbnails\/Temperature bath TP 38650E.png\" alt=\"\" \/>\n\t\t<strong class=\"catablog-title\">Temperature bath TP 38650E<\/strong>\t\n\t<\/a>\n\t<div class=\"catablog-description\"><\/div>\n<\/div><div class=\"catablog-row catablog-gallery\">\n\t<a href=\"https:\/\/controm.ro\/site\/wp-content\/uploads\/catablog\/originals\/Pressure pump.png\" class=\"catablog-image\"  >\n\t\t<img decoding=\"async\" src=\"https:\/\/controm.ro\/site\/wp-content\/uploads\/catablog\/thumbnails\/Pressure pump.png\" alt=\"\" \/>\n\t\t<strong class=\"catablog-title\">Pressure pump<\/strong>\t\n\t<\/a>\n\t<div class=\"catablog-description\"><\/div>\n<\/div><div class=\"catablog-row catablog-gallery\">\n\t<a href=\"https:\/\/controm.ro\/site\/wp-content\/uploads\/catablog\/originals\/Temperature bath TP17200.png\" class=\"catablog-image\"  >\n\t\t<img decoding=\"async\" src=\"https:\/\/controm.ro\/site\/wp-content\/uploads\/catablog\/thumbnails\/Temperature bath TP17200.png\" alt=\"\" \/>\n\t\t<strong class=\"catablog-title\">Temperature bath TP17200<\/strong>\t\n\t<\/a>\n\t<div class=\"catablog-description\"><\/div>\n<\/div><div class=\"catablog-row catablog-gallery\">\n\t<a href=\"https:\/\/controm.ro\/site\/wp-content\/uploads\/catablog\/originals\/Temperature Scan.png\" class=\"catablog-image\"  >\n\t\t<img decoding=\"async\" src=\"https:\/\/controm.ro\/site\/wp-content\/uploads\/catablog\/thumbnails\/Temperature Scan.png\" alt=\"\" \/>\n\t\t<strong class=\"catablog-title\">Temperature Scan<\/strong>\t\n\t<\/a>\n\t<div class=\"catablog-description\"><\/div>\n<\/div><\/div><div class='catablog-navigation'><span class='catablog-navigation-link catablog-first-page-link catablog-disabled'>Anterior<\/span> <\/div>\n<p>Urm\u0103toarele echipamente pot fi testate \u00een mod direct:<\/p>\n<ul>\n<li>Senzori de temperatur\u0103 de imersie sau de suprafa\u021b\u0103 pe baz\u0103 de contact<\/li>\n<li>Senzori cu forme si dimensiuni speciale<\/li>\n<li>Instrumente cu infraro\u0219u f\u0103r\u0103 contact \u0219i camere de luat vederi termice<\/li>\n<\/ul>\n","protected":false},"excerpt":{"rendered":"<p>Instrumentele electronice si echipamentele de calibrare au fiabilitate pe termen lung, tehnologie inovatoarea de calibrare si o lista vasta de servicii posibile cu ajutorul laboratorului propriu al producatorului, certificat DAkkS, pentru temperatura, presiune si semnale electrice standardizate. Calibratoarele cu bloc uscat \u0219i micro b\u0103ile de calibrare sunt folosite pentru a verifica \u0219i calibra o gama [&hellip;]<\/p>\n","protected":false},"author":1,"featured_media":0,"parent":7,"menu_order":314,"comment_status":"closed","ping_status":"closed","template":"","meta":{"footnotes":""},"class_list":["post-252","page","type-page","status-publish","hentry"],"_links":{"self":[{"href":"https:\/\/controm.ro\/site\/wp-json\/wp\/v2\/pages\/252","targetHints":{"allow":["GET"]}}],"collection":[{"href":"https:\/\/controm.ro\/site\/wp-json\/wp\/v2\/pages"}],"about":[{"href":"https:\/\/controm.ro\/site\/wp-json\/wp\/v2\/types\/page"}],"author":[{"embeddable":true,"href":"https:\/\/controm.ro\/site\/wp-json\/wp\/v2\/users\/1"}],"replies":[{"embeddable":true,"href":"https:\/\/controm.ro\/site\/wp-json\/wp\/v2\/comments?post=252"}],"version-history":[{"count":0,"href":"https:\/\/controm.ro\/site\/wp-json\/wp\/v2\/pages\/252\/revisions"}],"up":[{"embeddable":true,"href":"https:\/\/controm.ro\/site\/wp-json\/wp\/v2\/pages\/7"}],"wp:attachment":[{"href":"https:\/\/controm.ro\/site\/wp-json\/wp\/v2\/media?parent=252"}],"curies":[{"name":"wp","href":"https:\/\/api.w.org\/{rel}","templated":true}]}}