{"id":246,"date":"2016-04-06T13:34:01","date_gmt":"2016-04-06T13:34:01","guid":{"rendered":"http:\/\/controm.ro\/site\/?page_id=246"},"modified":"2016-04-12T17:22:57","modified_gmt":"2016-04-12T17:22:57","slug":"detectoare-curgere","status":"publish","type":"page","link":"https:\/\/controm.ro\/site\/produse\/detectoare-curgere\/","title":{"rendered":"Detectoare de curgere"},"content":{"rendered":"<p>Oferim detectoare de curgere realizate din diferite materiale pentru a se potrivi aplica\u021biilor \u0219i cerin\u021belor specifice . Fie c\u0103 este extrem de robust din o\u021bel inoxidabil pentru aplica\u021bii industriale sau din fibr\u0103 de sticl\u0103 sau din plastic armat pentru aplicatii OEM , avand un cost optimizat &#8211; speciali\u0219tii no\u0219trii de produse vor fi bucuro\u0219i s\u0103 ajute \u00een g\u0103sirea unei solu\u021bii care \u00a0se potrive\u0219te cel mai bine cererii dumneavoastr\u0103 , at\u00e2t din punct de vedere tehnic , cat \u0219i economic . Versiunile de serie pot fi personalizate,pot fi prev\u0103zute cu puncte speciale de comutare, ajustate \u00een fabric\u0103 .<\/p>\n<p>Principalele avantaje:<\/p>\n<ul>\n<li>Cadere de presiune mica;<\/li>\n<li>Raspuns imediat;<\/li>\n<li>Repetabilitate ridicata;<\/li>\n<li>Punctul de comutatie dependent doar de debit, nu si de temperatura sau presiune;<\/li>\n<li>Puncte de comutatie stabile in timp.<\/li>\n<\/ul>\n<div class='catablog-catalog'><div class=\"catablog-row catablog-gallery\">\n\t<a href=\"https:\/\/controm.ro\/site\/wp-content\/uploads\/catablog\/originals\/Flow AIR.png\" class=\"catablog-image\"  >\n\t\t<img decoding=\"async\" src=\"https:\/\/controm.ro\/site\/wp-content\/uploads\/catablog\/thumbnails\/Flow AIR.png\" alt=\"\" \/>\n\t\t<strong class=\"catablog-title\">Flow AIR<\/strong>\t\n\t<\/a>\n\t<div class=\"catablog-description\"><\/div>\n<\/div><div class=\"catablog-row catablog-gallery\">\n\t<a href=\"https:\/\/controm.ro\/site\/wp-content\/uploads\/catablog\/originals\/Flow switch VHS05.png\" class=\"catablog-image\"  >\n\t\t<img decoding=\"async\" src=\"https:\/\/controm.ro\/site\/wp-content\/uploads\/catablog\/thumbnails\/Flow switch VHS05.png\" alt=\"\" \/>\n\t\t<strong class=\"catablog-title\">Flow switch VHS05<\/strong>\t\n\t<\/a>\n\t<div class=\"catablog-description\"><\/div>\n<\/div><div class=\"catablog-row catablog-gallery\">\n\t<a href=\"https:\/\/controm.ro\/site\/wp-content\/uploads\/catablog\/originals\/Flow switch VK306.png\" class=\"catablog-image\"  >\n\t\t<img decoding=\"async\" src=\"https:\/\/controm.ro\/site\/wp-content\/uploads\/catablog\/thumbnails\/Flow switch VK306.png\" alt=\"\" \/>\n\t\t<strong class=\"catablog-title\">Flow switch VK306<\/strong>\t\n\t<\/a>\n\t<div class=\"catablog-description\"><\/div>\n<\/div><div class=\"catablog-row catablog-gallery\">\n\t<a href=\"https:\/\/controm.ro\/site\/wp-content\/uploads\/catablog\/originals\/Flow switch VK3.png\" class=\"catablog-image\"  >\n\t\t<img decoding=\"async\" src=\"https:\/\/controm.ro\/site\/wp-content\/uploads\/catablog\/thumbnails\/Flow switch VK3.png\" alt=\"\" \/>\n\t\t<strong class=\"catablog-title\">Flow switch VK3<\/strong>\t\n\t<\/a>\n\t<div class=\"catablog-description\"><\/div>\n<\/div><div class=\"catablog-row catablog-gallery\">\n\t<a href=\"https:\/\/controm.ro\/site\/wp-content\/uploads\/catablog\/originals\/Flow switch VK320.png\" class=\"catablog-image\"  >\n\t\t<img decoding=\"async\" src=\"https:\/\/controm.ro\/site\/wp-content\/uploads\/catablog\/thumbnails\/Flow switch VK320.png\" alt=\"\" \/>\n\t\t<strong class=\"catablog-title\">Flow switch VK320<\/strong>\t\n\t<\/a>\n\t<div class=\"catablog-description\"><\/div>\n<\/div><\/div><div class='catablog-navigation'><span class='catablog-navigation-link catablog-first-page-link catablog-disabled'>Anterior<\/span> <\/div>\n","protected":false},"excerpt":{"rendered":"<p>Oferim detectoare de curgere realizate din diferite materiale pentru a se potrivi aplica\u021biilor \u0219i cerin\u021belor specifice . Fie c\u0103 este extrem de robust din o\u021bel inoxidabil pentru aplica\u021bii industriale sau din fibr\u0103 de sticl\u0103 sau din plastic armat pentru aplicatii OEM , avand un cost optimizat &#8211; speciali\u0219tii no\u0219trii de produse vor fi bucuro\u0219i s\u0103 [&hellip;]<\/p>\n","protected":false},"author":1,"featured_media":0,"parent":7,"menu_order":311,"comment_status":"closed","ping_status":"closed","template":"","meta":{"footnotes":""},"class_list":["post-246","page","type-page","status-publish","hentry"],"_links":{"self":[{"href":"https:\/\/controm.ro\/site\/wp-json\/wp\/v2\/pages\/246","targetHints":{"allow":["GET"]}}],"collection":[{"href":"https:\/\/controm.ro\/site\/wp-json\/wp\/v2\/pages"}],"about":[{"href":"https:\/\/controm.ro\/site\/wp-json\/wp\/v2\/types\/page"}],"author":[{"embeddable":true,"href":"https:\/\/controm.ro\/site\/wp-json\/wp\/v2\/users\/1"}],"replies":[{"embeddable":true,"href":"https:\/\/controm.ro\/site\/wp-json\/wp\/v2\/comments?post=246"}],"version-history":[{"count":0,"href":"https:\/\/controm.ro\/site\/wp-json\/wp\/v2\/pages\/246\/revisions"}],"up":[{"embeddable":true,"href":"https:\/\/controm.ro\/site\/wp-json\/wp\/v2\/pages\/7"}],"wp:attachment":[{"href":"https:\/\/controm.ro\/site\/wp-json\/wp\/v2\/media?parent=246"}],"curies":[{"name":"wp","href":"https:\/\/api.w.org\/{rel}","templated":true}]}}